
2, 3, 23, 37
Suppose w + 35 = 6*w. Suppose w*l = 11*l. Suppose l = -6*b + 11*b - 295. List the prime factors of b.
59
Suppose 0 = -g + 3*o - 1, 3*g + g = 4*o + 4. Let s = 1452 - 1125. Suppose g*z - 176 = -2*t, -3*z + t = z - s. List the prime factors of z.
83
Let l = 3657 + 15413. List the prime factors of l.
2, 5, 1907
Suppose -943*w = -947*w - 5*f + 4131, 3*w + 5*f = 3092. What are the prime factors of w?
1039
Let x = -2128 + 3713. Suppose -181*s + 186*s - x = 0. What are the prime factors of s?
317
What are the prime factors of 291732/161*4*2?
2, 3, 151
Let u = 17508 + -1783. List the prime factors of u.
5, 17, 37
Suppose -7*f - f - 32473 = -181977. What are the prime factors of f?
2, 73
Suppose -2*v + 17 = y, 0 = -3*v + 4*y - 2 - 0. Suppose -12*s = -v*s - 6444. List the prime factors of s.
2, 3, 179
Let v = 340 - 339. List the prime factors of (1029/6)/(-7)*(-37 - v).
7, 19
Let q(x) = 26*x - 49*x + 14*x + 46. List the prime factors of q(0).
2, 23
Let g(b) = b**3 + 27*b**2 + 71*b + 356. What are the prime factors of g(-22)?
2, 607
Let g be (-6)/(-18) + 77/3. Suppose g - 1 = -5*r. Let b(n) = -2*n**3 - 6*n**2 + 5*n - 3. What are the prime factors of b(r)?
2, 3
Suppose 653*t = 650*t - 900. Let y = t + 1193. What are the prime factors of y?
19, 47
Suppose -6 = -2*h + 4*u, 5*u = -2*h + 3*u + 12. Let q(l) = 128*l - 20. Let m be q(h). Suppose -3*z + m = 2*z. What are the prime factors of z?
2, 31
Let p(a) = -3*a**2 - 15*a + 3. Let q be p(-5). Suppose -q*i + 5*i = 16. Suppose -124 = -i*o + 716. What are the prime factors of o?
3, 5, 7
Suppose -3*l - 150 = 3*h, -4*l - 5*h = -7*h + 236. Suppose k = 5*k - 552. Let b = k + l. List the prime factors of b.
2, 41
Suppose 4*d - 9974 = -2*s, 5*d - 3*s = 7479 + 4983. List the prime factors of d.
3, 277
Let a(k) = 3*k + 13*k + 9*k - 31 + 4. List the prime factors of a(8).
173
Suppose -90*p + 95*p = 4*k - 808, 0 = -5*k - p + 1039. What are the prime factors of k?
3, 23
Suppose -32*j - 5*f = -29*j - 131294, 4*j - 3*f = 175107. What are the prime factors of j?
3, 14591
Let h(r) be the third derivative of r**4/6 + 6*r**3 + r**2. Suppose -65*o + 49*o + 42 = 122. What are the prime factors of h(o)?
2
Suppose 139 - 147 = -4*h. Let p(x) = 33*x**3 + 5*x**2 - 4*x + 3. What are the prime factors of p(h)?
3, 31
Let n be -1424*((-9)/(-2) + -5). What are the prime factors of n - (-28)/(21/3)?
2, 179
Suppose 79 = -2*n - w, -2*w + 89 = -2*n - w. Let x be (-114)/n - (-8)/28. Suppose 2*u = -4*c + 234, -2*c - 45 = -x*u - 150. List the prime factors of c.
3, 19
Let a be (-1302)/35*(-20)/12. Suppose a*w = 64*w - 94. List the prime factors of w.
47
Suppose 45 = -17*i - 40. What are the prime factors of 527 - i*(-4 - (-5 - -2))?
2, 3, 29
Suppose -15*l = 159 - 519. Let p(t) = t - 2*t - 8 + l. What are the prime factors of p(10)?
2, 3
Let u be 8/3*(-72)/24. Let y(n) = -2*n**3 - 6*n**2 + 11*n - 9. What are the prime factors of y(u)?
3, 181
Let m(w) be the third derivative of w**6/2 + w**5/30 - w**4/3 + 2*w**3 + 7*w**2 + 19. List the prime factors of m(2).
2, 11
Let s(j) be the second derivative of j**4/6 - 5*j**3/6 - 20*j**2 - 9*j - 2. List the prime factors of s(16).
2, 7
What are the prime factors of ((-10090)/(-6)*-12 - 7/(-1))*-2?
2, 20173
Let k = -252 - -252. Let g(w) = 13*w + 118. List the prime factors of g(k).
2, 59
Let f(w) = 5790*w + 548. What are the prime factors of f(1)?
2, 3169
Suppose -3*k - 2*k = -20. Suppose -5*n + 289 = -k*n. List the prime factors of n.
17
Let c(w) = -69*w - 11. Suppose -3*k = 19 - 4. What are the prime factors of c(k)?
2, 167
Let n = 5929 + -1384. List the prime factors of n.
3, 5, 101
Let p(i) = -148*i**2 + 235*i**2 + 1022*i**2 - 5*i - 2 + 8. Let h be p(1). Suppose 9*g - h = 4*g. What are the prime factors of g?
2, 3, 37
Let z be ((-27640)/(-10))/(3*2/(-21)). What are the prime factors of 2/(-5) + (z/(-35) - 5)?
271
Suppose 0 = 5*q - 4*j - 15, -5*q + 5*j = -5 - 15. List the prime factors of (1126/(-8) - q)*8/(-2).
13, 43
Let q be (-3 + (-13)/(-5))/((-2)/10). Suppose 0 = -q*g - 2*n - 20, -2*g = -0*g + 3*n + 20. What are the prime factors of (134 - g) + (-3)/(6/8)?
2, 5, 7
Suppose 14*t + 56*t - 566934 = -52*t. What are the prime factors of t?
3, 1549
Suppose 34 = -159*h + 176*h. What are the prime factors of (362*7/h)/1?
7, 181
Let n = 3715 + -2999. List the prime factors of n.
2, 179
Let u = -63 - -126. Let t = 21 + u. Let m = t - 64. What are the prime factors of m?
2, 5
Suppose -36*o + 7*o = -68056 - 95939. List the prime factors of o.
3, 5, 13, 29
Let p be (-18)/(-3) - 0*7/21. Suppose 14616 = p*k + 12*k. List the prime factors of k.
2, 7, 29
Suppose 2*f + 4*y - 7 + 3 = 0, -3*f + 13 = -y. Suppose 3*u - 1240 = -f*t - 0*u, 2*t - 5*u = 594. List the prime factors of t.
307
Let p be 4/(-18) + 329/63. Let z = 164 - p. Let o = z + -79. List the prime factors of o.
2, 5
What are the prime factors of (-2)/6 - (-624680)/483?
3, 431
Let h(c) = 6*c**3 - 3*c**2 - c. Let m be h(-2). Suppose 2*i = 3*y + 341, -5*i - 32*y = -29*y - 821. Let j = m + i. What are the prime factors of j?
2, 3
Let t(r) = r - 15. Let i be t(15). Let a be (i/(8/4))/(-3)*-1. Suppose -2*k - 51 = -4*h - 17, 5*h - k - 38 = a. What are the prime factors of h?
7
Let g(b) = 10*b**2 + 35*b + 7. Let f(w) = 2*w**2 - w. Let t(o) = 3*f(o) + g(o). What are the prime factors of t(-6)?
17, 23
Suppose -17*i - 270 = -11*i. List the prime factors of (-35985)/i - 3/(-9).
2, 5
Suppose 4903837 - 129881 = 200*g - 94644. What are the prime factors of g?
11, 2213
Suppose -6*r + 4255 = 4*o - 3*r, 5*r - 1051 = -o. Suppose 4*q - 2*d = o, 12*q + d - 1322 = 7*q. What are the prime factors of q?
5, 53
Let p = 10 - -28. Suppose -6*j - p = 334. Let n = j + 105. List the prime factors of n.
43
Let u be 3*((-3)/4 - 3270/(-72)). Suppose u - 491 = -3*f. What are the prime factors of f?
7, 17
Suppose 2*i = -0*i + 204. Suppose -4*u = r - 84, 2*r - 5*u - i = r. What are the prime factors of r?
2, 23
Let u(i) = 5372*i - 82. List the prime factors of u(5).
2, 3, 4463
Let r(c) = 26*c**2 + 37*c**3 - 7 - 7 - 10*c - 32*c - 17*c**3 - 21*c**3. What are the prime factors of r(22)?
2, 499
Let z = 474 - 474. Suppose 6*g - 5442 - 4206 = z. What are the prime factors of g?
2, 3, 67
Let u = -225 + 244. Suppose -31*t + 6200 = u*t. List the prime factors of t.
2, 31
Let t = -51 + 56. Suppose 4*y = 5*q + 3, 0 = -2*y - 5*q + 4 + t. Suppose 154 = 2*i + 5*o, 0*i + 148 = 2*i + y*o. List the prime factors of i.
2, 3
Suppose -14836 - 97 = -28*p + 30959. List the prime factors of p.
11, 149
Let l(z) be the first derivative of -z**2/2 + 12*z + 29. Let o be l(12). List the prime factors of (-3 + -9)*(-2 - o).
2, 3
Suppose 3*r = 4*o + 48718, -3*o - 40486 - 8234 = -3*r. List the prime factors of r.
2, 3, 2707
Suppose -5*z + 5*f - 54 = -9, -2*z - 30 = -5*f. Let x = 139 - z. Suppose -20*s + x = -19*s. List the prime factors of s.
2, 3
Suppose 3*y - 5 = -5*r, -4*y - 2*r + 60 = -6*r. Suppose -21 = -y*w - 1. What are the prime factors of 82/(2*w/8)?
2, 41
Suppose 92*c - 95*c + 41409 = z, 0 = -5*z + 2*c + 207062. What are the prime factors of z?
2, 3, 7, 17, 29
Suppose 0 = 19*c + g - 1016718 + 311389, 5*g + 111409 = 3*c. List the prime factors of c.
37123
Suppose 28*u - 13*u = 164266 + 131429. List the prime factors of u.
3, 6571
Let a(d) = -224*d - 2. Let j be a(-2). Let n be (-2)/(-11) - 184*12/528. List the prime factors of j*(n + (-27)/(-6)).
223
List the prime factors of 2*-6 - (171 - 1882).
1699
Let i(c) = 29*c**2 - 45*c + 85. List the prime factors of i(15).
5, 1187
Let z = -640 + 1588. What are the prime factors of 3 - z/3*-2?
5, 127
Let s(q) = q**2 - 10*q + 16. Suppose 0 = -2*b + 5 + 3, 0 = -k + b - 7. Let n be -5 - -2 - (k + -2) - -9. What are the prime factors of s(n)?
3
Let j = 130 + 34. Let d(y) = -25*y - 11. Let v be d(-5). Let o = j - v. What are the prime factors of o?
2, 5
Suppose -o + 76 = 71. Suppose o*u = -2*v + 1038, 0 = -4*u + 3*v - 5*v + 830. Let s = u - 88. List the prime factors of s.
2, 3, 5
Suppose 56*p - 359282 = -86*p - 12*p. List the prime factors of p.
2333
Let s(w) be the third derivative of -w**4/6 + w**3/6 - w**2. Let u be s(-2). List the prime factors of (-2)/(-9) - (-61)/u.
7
Let b(v) = -1685*v - 9814. What are the prime factors of b(-37)?
131, 401
Suppose 4*c - 6*c